{"id":385,"date":"2021-03-20T10:53:39","date_gmt":"2021-03-20T09:53:39","guid":{"rendered":"https:\/\/eccade.fr\/?page_id=385"},"modified":"2023-03-18T11:42:52","modified_gmt":"2023-03-18T10:42:52","slug":"eccade-tactical-games","status":"publish","type":"page","link":"https:\/\/eccade.fr\/?page_id=385","title":{"rendered":"ECCADE Tactical Games"},"content":{"rendered":"<div class=\"wp-block-image\">\n<figure class=\"aligncenter size-full\"><img loading=\"lazy\" decoding=\"async\" width=\"500\" height=\"335\" src=\"https:\/\/eccade.fr\/wp-content\/uploads\/2022\/03\/ECCADE-TACTICAL.gif\" alt=\"\" class=\"wp-image-570\"\/><figcaption class=\"wp-element-caption\"><em>Objectif adr\u00e9naline<\/em><\/figcaption><\/figure>\n<\/div>\n\n\n<p><\/p>\n\n\n\n<h1 class=\"wp-block-heading\">Mission unique ou op\u00e9ration compl\u00e8te \u00e0 vivre en milieu r\u00e9el<\/h1>\n\n\n\n<p>Seul, entre amis ou avec des coll\u00e8gues de travail, partez en mission sur le terrain et vivez des aventures extraordinaires. <\/p>\n\n\n\n<p><\/p>\n\n\n<div class=\"wp-block-image\">\n<figure class=\"alignleft size-full\"><img loading=\"lazy\" decoding=\"async\" width=\"250\" height=\"149\" src=\"https:\/\/eccade.fr\/wp-content\/uploads\/2022\/03\/TACTICAL2.gif\" alt=\"\" class=\"wp-image-576\"\/><figcaption class=\"wp-element-caption\">Missions de survie<\/figcaption><\/figure>\n<\/div>\n\n<div class=\"wp-block-image\">\n<figure class=\"alignleft size-full\"><img loading=\"lazy\" decoding=\"async\" width=\"250\" height=\"149\" src=\"https:\/\/eccade.fr\/wp-content\/uploads\/2022\/03\/TACTICAL30.gif\" alt=\"\" class=\"wp-image-580\"\/><figcaption class=\"wp-element-caption\">Op\u00e9rations commando<\/figcaption><\/figure>\n<\/div>\n\n<div class=\"wp-block-image\">\n<figure class=\"alignleft size-full\"><img loading=\"lazy\" decoding=\"async\" width=\"250\" height=\"149\" src=\"https:\/\/eccade.fr\/wp-content\/uploads\/2022\/03\/TACTICAL50.gif\" alt=\"\" class=\"wp-image-582\"\/><figcaption class=\"wp-element-caption\">Sniper<\/figcaption><\/figure>\n<\/div>\n\n<div class=\"wp-block-image\">\n<figure class=\"alignleft size-full\"><img loading=\"lazy\" decoding=\"async\" width=\"250\" height=\"149\" src=\"https:\/\/eccade.fr\/wp-content\/uploads\/2022\/03\/ECCADE-TACTICAL1.gif\" alt=\"\" class=\"wp-image-575\"\/><figcaption class=\"wp-element-caption\">Sc\u00e9narios sur mesure<\/figcaption><\/figure>\n<\/div>\n\n\n<p><\/p>\n","protected":false},"excerpt":{"rendered":"<p>Mission unique ou op\u00e9ration compl\u00e8te \u00e0 vivre en milieu r\u00e9el Seul, entre amis ou avec des coll\u00e8gues de travail, partez en mission sur le terrain et vivez des aventures extraordinaires.<\/p>\n","protected":false},"author":1,"featured_media":0,"parent":0,"menu_order":0,"comment_status":"closed","ping_status":"closed","template":"","meta":{"footnotes":""},"class_list":["post-385","page","type-page","status-publish","hentry"],"_links":{"self":[{"href":"https:\/\/eccade.fr\/index.php?rest_route=\/wp\/v2\/pages\/385","targetHints":{"allow":["GET"]}}],"collection":[{"href":"https:\/\/eccade.fr\/index.php?rest_route=\/wp\/v2\/pages"}],"about":[{"href":"https:\/\/eccade.fr\/index.php?rest_route=\/wp\/v2\/types\/page"}],"author":[{"embeddable":true,"href":"https:\/\/eccade.fr\/index.php?rest_route=\/wp\/v2\/users\/1"}],"replies":[{"embeddable":true,"href":"https:\/\/eccade.fr\/index.php?rest_route=%2Fwp%2Fv2%2Fcomments&post=385"}],"version-history":[{"count":20,"href":"https:\/\/eccade.fr\/index.php?rest_route=\/wp\/v2\/pages\/385\/revisions"}],"predecessor-version":[{"id":946,"href":"https:\/\/eccade.fr\/index.php?rest_route=\/wp\/v2\/pages\/385\/revisions\/946"}],"wp:attachment":[{"href":"https:\/\/eccade.fr\/index.php?rest_route=%2Fwp%2Fv2%2Fmedia&parent=385"}],"curies":[{"name":"wp","href":"https:\/\/api.w.org\/{rel}","templated":true}]}}